{"id":23,"date":"2025-11-27T21:35:21","date_gmt":"2025-11-27T21:35:21","guid":{"rendered":"https:\/\/wcfuhbq.cluster121.hosting.ovh.net\/?page_id=23"},"modified":"2025-11-27T21:35:21","modified_gmt":"2025-11-27T21:35:21","slug":"artistes-de-la-scene","status":"publish","type":"page","link":"https:\/\/www.cielesondesmots.com\/index.php\/artistes-de-la-scene\/","title":{"rendered":"Artistes de la sc\u00e8ne"},"content":{"rendered":"\n<p style=\"font-size:15px\"><strong>Claire PHILIPPE \u2013 com\u00e9dienne-chanteuse, metteure en sc\u00e8ne<\/strong><br><br>Form\u00e9e \u00e0 la danse classique, aux claquettes am\u00e9ricaines puis au th\u00e9\u00e2tre dans les \u00e9coles Un Pied en Coulisses et Sylvia Roche, Claire se forme ensuite au chant lyrique avec Patricia Schnell, puis vari\u00e9t\u00e9s et com\u00e9die musicale avec Jasmine Roy, Julien Baudry (IMFP) ou encore Danielle St\u00e9fan (LEDA ATOMICA MUSIQUE). En tant que com\u00e9dienne-chanteuse, elle rejoint l\u2019\u00e9quipe de la compagnie Apr\u00e8s la Pluie en 2011 et joue pour les compagnies Dans la Cour des Grands, Mascarille, 6T Th\u00e9\u00e2tre, Hangar Palace etc\u2026<br>Claire joue aussi pour la t\u00e9l\u00e9vision dans des t\u00e9l\u00e9films tels \u00ab\u00a0La Voyante\u00a0\u00bb ou encore \u00ab La Victoire au bout du b\u00e2ton\u00a0\u00bb, \u00ab\u00a0Ca\u00efn\u00a0\u00bb, \u00ab\u00a0Petits secrets entre voisins\u00a0\u00bb etc\u2026<br>En 2022, elle cr\u00e9e la\u00a0Compagnie Le Son des Mots\u00a0dont l\u2019objectif est de monter des spectacles pour tous les publics, centr\u00e9s sur les textes et la musique. En parall\u00e8le, elle propose des actions de m\u00e9diation et de rencontres entre les publics et les spectacles qu\u2019elle cr\u00e9e. Elle signe deux mises en sc\u00e8nes, \u00ab\u00a0Amour(s) toujours \u2013 concert amoureux\u00a0\u00a0\u00bb et \u00ab\u00a0Danse C\u00e9lestine\u00a0\u00bb qui sera cr\u00e9\u00e9 en septembre 2023.<br><\/p>\n\n\n\n<p style=\"font-size:15px\"><strong>Micha\u00ebl VESSEREAU \u2013 Metteur en sc\u00e8ne \/ Com\u00e9dien \/ Magicien<\/strong><br><br>Micha\u00ebl Vessereau\u00a0est artiste de cirque, danseur, com\u00e9dien, magicien et professeur de cirque. Form\u00e9 au\u00a0Centre National des Arts du Cirque, il s\u2019est sp\u00e9cialis\u00e9 dans la pratique des \u00ab sangles a\u00e9riennes \u00bb. Pendant vingt ans, il travaille aupr\u00e8s de compagnies en France et \u00e0 l\u2019\u00e9tranger, et aupr\u00e8s de metteurs en sc\u00e8ne de renom tels Jo\u00ebl Colas, Omar Porras ou Philippe D\u00e9coufl\u00e9.<br>De 2005 \u00e0 2018, il cr\u00e9e et d\u00e9veloppe La Petite Cie, structure artistique proposant des spectacles de petite et grande envergure.\u00a0 Il met en sc\u00e8ne des spectacles m\u00ealant acrobates, danseurs, com\u00e9diens, musiciens et dirige des \u00e9quipes de 5 \u00e0 40 personnes.<br>Ces propositions m\u00ealent r\u00e9guli\u00e8rement des artistes confirm\u00e9s et amateurs et s\u2019adressent \u00e0 tous les publics.<br>En parall\u00e8le de sa carri\u00e8re d\u2019artiste, il est p\u00e9dagogue. Il d\u00e9veloppe l\u2019\u00e9cole de cirque\u00a0le Fil d\u2019Ariane,\u00a0 intervient\u00a0 \u00e0 l\u2019Acad\u00e9mie Fratellini (Paris), autour du d\u00e9veloppement cr\u00e9atif des jeunes apprentis. Et en tant que consultant \u2013 Directeur P\u00e9dagogique du Plus Petit Cirque du Monde (Bagneux). Il rejoint la Cie Le Son des Mots pour le spectacle\u00a0\u00ab\u00a0Cultiver l\u2019inattendu ou l\u2019art de la rencontre\u00a0\u00bb.<br><\/p>\n\n\n\n<p style=\"font-size:15px\"><strong>Marie-C\u00e9cile GAUTIER \u2013 pianiste<\/strong><br><br>Laur\u00e9ate de neuf premiers prix au CRR de Marseille et de Paris ainsi que trois prix SACEM, Marie-C\u00e9cile Gautier partage son temps entre l\u02bcenseignement au Conservatoire de Marseille et la cr\u00e9ation artistique. Elle travaille avec diff\u00e9rentes structures : la compagnie du Yak, le th\u00e9\u00e2tre Marie-Jeanne, la compagnie du Funambule\u2026 En 2015, elle rejoint l\u2019\u00e9quipe de la\u00a0compagnie Apr\u00e8s la Pluie\u00a0dont l\u2019objectif est d\u2019am\u00e9liorer, par la pratique artistique, la vie des enfants atteints de cancer.<br>Elle prom\u00e8ne son inspiration au fil des rencontres et des voyages. Elle collabore ainsi avec GS Rajan, fl\u00fbtiste indien, de 2005 \u00e0 2007, au Monsoon festival de Delhi, en Inde, et avec Madhup Mudgal, \u00e0 la Gandharva Mahavidyalaya, pour des arrangements discographiques. Tour \u00e0 tour accompagnatrice, arrangeuse et co-auteur, Marie-C\u00e9cile Gautier poursuit ses collaborations au gr\u00e9 des pr\u00e9cieuses rencontres pour explorer la profondeur de nos \u00e9tats humains. Elle rejoint la Cie Le Son des Mots en tant que pianiste pour\u00a0le concert amoureux.<br><\/p>\n\n\n\n<p style=\"font-size:15px\"><strong>C\u00e9cile PETIT \u2013 Com\u00e9dienne \/ Chanteuse<\/strong><br><br>Form\u00e9e au cour priv\u00e9 de la Compagnie de la Renaissance par Armand Giordani en th\u00e9\u00e2tre classique, diction et po\u00e9tique, puis en commedia dell\u2019arte par Carlo Boso, elle est co-fondatrice de la\u00a0Cie Mascarille.<br>Elle fonde, avec Olivier Cesaro, la compagnie Mascarille, pour cr\u00e9er des \u0153uvres pour le jeune public, dans une tradition de jeu commedia dell\u2019arte. Elle travaille \u00e9galement pour Padam Nezi, Compagnie Ainsi de suite, Compagnie Apr\u00e8s la pluie, Cie La Sourici\u00e8re et s\u2019est form\u00e9 au chant professionnel avec Leda Atomica et plus particuli\u00e8rement Danielle Stefan. elle rejoint la Cie Le Son des Mots pour le\u00a0concert amoureux, \u00ab\u00a0Amour(s) Toujours\u00a0\u00bb.<br><\/p>\n\n\n\n<p style=\"font-size:15px\"><strong>Matthieu PHILIPPON \u2013 Com\u00e9dien<\/strong><br><br>M\u00e9daill\u00e9 d\u2019or de Th\u00e9\u00e2tre du Conservatoire de Troyes. Travaille depuis plusieurs ann\u00e9es avec les compagnies de L\u2019Ambre, Prizoners Montpellier, Ainsi de Suite, Padam N\u00e9zi, La Titube, l\u2019Apicula,\u00a0Mascarille, Si et Seulement Si etc\u2026 Pratique \u00e9galement le chant, le sound-painting, le saxophone et les claquettes. \u00c9galement r\u00e9gisseur et programmateur informatique et vid\u00e9o. Il rejoint la Cie Le Son des Mots pour le spectacle \u00ab\u00a0Danse C\u00e9lestine\u00ab\u00a0.<br><\/p>\n\n\n\n<p style=\"font-size:15px\"><strong>V\u00e9ronika SOBOLJEVSKI \u2013 Musicienne<\/strong><br><br>Violoncelliste et contrebassiste form\u00e9e au Conservatoire R\u00e9gional d\u2019Avignon. En 2004 elle rencontre Adrien Mondot qui au sein de la\u00a0Cie Adrien M\u00a0l\u2019invite \u00e0 composer et interpr\u00e9ter au violoncelle, en collaboration avec Christophe Sartori compositeur de musiques \u00e9lectroniques, la musique du spectacle Convergence 1.0 (Laur\u00e9at Jeunes Talents Cirque 2004 et cr\u00e9ation au Man\u00e8ge de Reims en 2005). Travaille ensuite pour les compagnies Cie Le TIR et la lyre, Cies Les Arts et Mouvants, L\u2019Envers du d\u00e9cor, le r\u00e9seau Hors-Lits, Cie Les oreilles en \u00e9ventail. En 2017 elle rejoint la Cie Vita Nova et son metteur en sc\u00e8ne Lazare pour les cr\u00e9ations\u00a0<em>Sombre Rivi\u00e8re<\/em>,\u00a0<em>Je m\u2019appelle Isma\u00ebl<\/em>\u00a0et\u00a0<em>C\u0153ur instamment d\u00e9nud\u00e9<\/em>. En 2019, elle rejoint Sara Giacometti et son projet \u00ab\u00a0Grandes Mother\u00a0\u00bb.<br>Elle rejoint la compagnie Le Son des Mots en tant que violoncelliste pour le spectacle\u00a0\u00ab\u00a0Danse C\u00e9lestine\u00a0\u00bb.<\/p>\n","protected":false},"excerpt":{"rendered":"<p>Claire PHILIPPE \u2013 com\u00e9dienne-chanteuse, metteure en sc\u00e8ne Form\u00e9e \u00e0 la danse classique, aux claquettes am\u00e9ricaines puis au th\u00e9\u00e2tre dans les \u00e9coles Un Pied en Coulisses et Sylvia Roche, Claire se forme ensuite au chant lyrique avec Patricia Schnell, puis vari\u00e9t\u00e9s et com\u00e9die musicale avec Jasmine Roy, Julien Baudry (IMFP) ou encore Danielle St\u00e9fan (LEDA ATOMICA&hellip; <br \/> <a class=\"read-more\" href=\"https:\/\/www.cielesondesmots.com\/index.php\/artistes-de-la-scene\/\">Lire la suite<\/a><\/p>\n","protected":false},"author":2,"featured_media":0,"parent":0,"menu_order":0,"comment_status":"closed","ping_status":"closed","template":"","meta":{"footnotes":""},"class_list":["post-23","page","type-page","status-publish","hentry"],"_links":{"self":[{"href":"https:\/\/www.cielesondesmots.com\/index.php\/wp-json\/wp\/v2\/pages\/23","targetHints":{"allow":["GET"]}}],"collection":[{"href":"https:\/\/www.cielesondesmots.com\/index.php\/wp-json\/wp\/v2\/pages"}],"about":[{"href":"https:\/\/www.cielesondesmots.com\/index.php\/wp-json\/wp\/v2\/types\/page"}],"author":[{"embeddable":true,"href":"https:\/\/www.cielesondesmots.com\/index.php\/wp-json\/wp\/v2\/users\/2"}],"replies":[{"embeddable":true,"href":"https:\/\/www.cielesondesmots.com\/index.php\/wp-json\/wp\/v2\/comments?post=23"}],"version-history":[{"count":1,"href":"https:\/\/www.cielesondesmots.com\/index.php\/wp-json\/wp\/v2\/pages\/23\/revisions"}],"predecessor-version":[{"id":24,"href":"https:\/\/www.cielesondesmots.com\/index.php\/wp-json\/wp\/v2\/pages\/23\/revisions\/24"}],"wp:attachment":[{"href":"https:\/\/www.cielesondesmots.com\/index.php\/wp-json\/wp\/v2\/media?parent=23"}],"curies":[{"name":"wp","href":"https:\/\/api.w.org\/{rel}","templated":true}]}}

Artistes de la scène

<p style="font-size:15px"><strong>Claire PHILIPPE – comédienne-chanteuse, metteure en scène</strong><br><br>Formée à la danse classique, aux claquettes américaines puis au théâtre dans les écoles Un Pied en Coulisses et Sylvia Roche, Claire se forme ensuite au chant lyrique avec Patricia Schnell, puis variétés et comédie musicale avec Jasmine Roy, Julien Baudry (IMFP) ou encore Danielle Stéfan (LEDA ATOMICA MUSIQUE). En tant que comédienne-chanteuse, elle rejoint l’équipe de la compagnie Après la Pluie en 2011 et joue pour les compagnies Dans la Cour des Grands, Mascarille, 6T Théâtre, Hangar Palace etc…<br>Claire joue aussi pour la télévision dans des téléfilms tels « La Voyante » ou encore « La Victoire au bout du bâton », « Caïn », « Petits secrets entre voisins » etc…<br>En 2022, elle crée la Compagnie Le Son des Mots dont l’objectif est de monter des spectacles pour tous les publics, centrés sur les textes et la musique. En parallèle, elle propose des actions de médiation et de rencontres entre les publics et les spectacles qu’elle crée. Elle signe deux mises en scènes, « Amour(s) toujours – concert amoureux  » et « Danse Célestine » qui sera créé en septembre 2023.<br></p>



<p style="font-size:15px"><strong>Michaël VESSEREAU – Metteur en scène / Comédien / Magicien</strong><br><br>Michaël Vessereau est artiste de cirque, danseur, comédien, magicien et professeur de cirque. Formé au Centre National des Arts du Cirque, il s’est spécialisé dans la pratique des « sangles aériennes ». Pendant vingt ans, il travaille auprès de compagnies en France et à l’étranger, et auprès de metteurs en scène de renom tels Joël Colas, Omar Porras ou Philippe Découflé.<br>De 2005 à 2018, il crée et développe La Petite Cie, structure artistique proposant des spectacles de petite et grande envergure.  Il met en scène des spectacles mêlant acrobates, danseurs, comédiens, musiciens et dirige des équipes de 5 à 40 personnes.<br>Ces propositions mêlent régulièrement des artistes confirmés et amateurs et s’adressent à tous les publics.<br>En parallèle de sa carrière d’artiste, il est pédagogue. Il développe l’école de cirque le Fil d’Ariane,  intervient  à l’Académie Fratellini (Paris), autour du développement créatif des jeunes apprentis. Et en tant que consultant – Directeur Pédagogique du Plus Petit Cirque du Monde (Bagneux). Il rejoint la Cie Le Son des Mots pour le spectacle « Cultiver l’inattendu ou l’art de la rencontre ».<br></p>



<p style="font-size:15px"><strong>Marie-Cécile GAUTIER – pianiste</strong><br><br>Lauréate de neuf premiers prix au CRR de Marseille et de Paris ainsi que trois prix SACEM, Marie-Cécile Gautier partage son temps entre lʼenseignement au Conservatoire de Marseille et la création artistique. Elle travaille avec différentes structures : la compagnie du Yak, le théâtre Marie-Jeanne, la compagnie du Funambule… En 2015, elle rejoint l’équipe de la compagnie Après la Pluie dont l’objectif est d’améliorer, par la pratique artistique, la vie des enfants atteints de cancer.<br>Elle promène son inspiration au fil des rencontres et des voyages. Elle collabore ainsi avec GS Rajan, flûtiste indien, de 2005 à 2007, au Monsoon festival de Delhi, en Inde, et avec Madhup Mudgal, à la Gandharva Mahavidyalaya, pour des arrangements discographiques. Tour à tour accompagnatrice, arrangeuse et co-auteur, Marie-Cécile Gautier poursuit ses collaborations au gré des précieuses rencontres pour explorer la profondeur de nos états humains. Elle rejoint la Cie Le Son des Mots en tant que pianiste pour le concert amoureux.<br></p>



<p style="font-size:15px"><strong>Cécile PETIT – Comédienne / Chanteuse</strong><br><br>Formée au cour privé de la Compagnie de la Renaissance par Armand Giordani en théâtre classique, diction et poétique, puis en commedia dell’arte par Carlo Boso, elle est co-fondatrice de la Cie Mascarille.<br>Elle fonde, avec Olivier Cesaro, la compagnie Mascarille, pour créer des œuvres pour le jeune public, dans une tradition de jeu commedia dell’arte. Elle travaille également pour Padam Nezi, Compagnie Ainsi de suite, Compagnie Après la pluie, Cie La Souricière et s’est formé au chant professionnel avec Leda Atomica et plus particulièrement Danielle Stefan. elle rejoint la Cie Le Son des Mots pour le concert amoureux, « Amour(s) Toujours ».<br></p>



<p style="font-size:15px"><strong>Matthieu PHILIPPON – Comédien</strong><br><br>Médaillé d’or de Théâtre du Conservatoire de Troyes. Travaille depuis plusieurs années avec les compagnies de L’Ambre, Prizoners Montpellier, Ainsi de Suite, Padam Nézi, La Titube, l’Apicula, Mascarille, Si et Seulement Si etc… Pratique également le chant, le sound-painting, le saxophone et les claquettes. Également régisseur et programmateur informatique et vidéo. Il rejoint la Cie Le Son des Mots pour le spectacle « Danse Célestine« .<br></p>



<p style="font-size:15px"><strong>Véronika SOBOLJEVSKI – Musicienne</strong><br><br>Violoncelliste et contrebassiste formée au Conservatoire Régional d’Avignon. En 2004 elle rencontre Adrien Mondot qui au sein de la Cie Adrien M l’invite à composer et interpréter au violoncelle, en collaboration avec Christophe Sartori compositeur de musiques électroniques, la musique du spectacle Convergence 1.0 (Lauréat Jeunes Talents Cirque 2004 et création au Manège de Reims en 2005). Travaille ensuite pour les compagnies Cie Le TIR et la lyre, Cies Les Arts et Mouvants, L’Envers du décor, le réseau Hors-Lits, Cie Les oreilles en éventail. En 2017 elle rejoint la Cie Vita Nova et son metteur en scène Lazare pour les créations <em>Sombre Rivière</em>, <em>Je m’appelle Ismaël</em> et <em>Cœur instamment dénudé</em>. En 2019, elle rejoint Sara Giacometti et son projet « Grandes Mother ».<br>Elle rejoint la compagnie Le Son des Mots en tant que violoncelliste pour le spectacle « Danse Célestine ».</p>

<p>Claire PHILIPPE – comédienne-chanteuse, metteure en scène Formée à la danse classique, aux claquettes américaines puis au théâtre dans les écoles Un Pied en Coulisses et Sylvia Roche, Claire se forme ensuite au chant lyrique avec Patricia Schnell, puis variétés et comédie musicale avec Jasmine Roy, Julien Baudry (IMFP) ou encore Danielle Stéfan (LEDA ATOMICA&hellip; <br /> <a class="read-more" href="https://www.cielesondesmots.com/index.php/artistes-de-la-scene/">Lire la suite</a></p>
