{"id":17,"date":"2025-11-27T21:35:06","date_gmt":"2025-11-27T21:35:06","guid":{"rendered":"https:\/\/wcfuhbq.cluster121.hosting.ovh.net\/?page_id=17"},"modified":"2026-03-24T18:51:07","modified_gmt":"2026-03-24T18:51:07","slug":"danse-celestine-de-sabine-tamisier","status":"publish","type":"page","link":"https:\/\/www.cielesondesmots.com\/index.php\/danse-celestine-de-sabine-tamisier\/","title":{"rendered":"\u00ab\u00a0Danse C\u00e9lestine\u00a0\u00bb de Sabine Tamisier"},"content":{"rendered":"<div class=\"wp-block-image\">\n<figure class=\"aligncenter size-large is-resized\"><img loading=\"lazy\" decoding=\"async\" width=\"724\" height=\"1024\" src=\"https:\/\/wcfuhbq.cluster121.hosting.ovh.net\/wp-content\/uploads\/2025\/11\/AFFICHE-Danse-Celestine-724x1024.jpg\" alt=\"\" class=\"wp-image-183\" style=\"width:310px;height:auto\" srcset=\"https:\/\/www.cielesondesmots.com\/wp-content\/uploads\/2025\/11\/AFFICHE-Danse-Celestine-724x1024.jpg 724w, https:\/\/www.cielesondesmots.com\/wp-content\/uploads\/2025\/11\/AFFICHE-Danse-Celestine-212x300.jpg 212w, https:\/\/www.cielesondesmots.com\/wp-content\/uploads\/2025\/11\/AFFICHE-Danse-Celestine-768x1086.jpg 768w, https:\/\/www.cielesondesmots.com\/wp-content\/uploads\/2025\/11\/AFFICHE-Danse-Celestine-1086x1536.jpg 1086w, https:\/\/www.cielesondesmots.com\/wp-content\/uploads\/2025\/11\/AFFICHE-Danse-Celestine-1448x2048.jpg 1448w, https:\/\/www.cielesondesmots.com\/wp-content\/uploads\/2025\/11\/AFFICHE-Danse-Celestine-1024x1448.jpg 1024w, https:\/\/www.cielesondesmots.com\/wp-content\/uploads\/2025\/11\/AFFICHE-Danse-Celestine-764x1080.jpg 764w, https:\/\/www.cielesondesmots.com\/wp-content\/uploads\/2025\/11\/AFFICHE-Danse-Celestine-scaled.jpg 1810w\" sizes=\"auto, (max-width: 724px) 100vw, 724px\" \/><\/figure>\n<\/div>\n\n\n<p style=\"font-size:15px\"><br><strong>\u00ab&nbsp;Danse C\u00e9lestine&nbsp;\u00bb est une cr\u00e9ation musicale, th\u00e9\u00e2trale et anim\u00e9e pour petits et grands<\/strong><br><em>Il \u00e9tait une fois une petite fille qui voulait consoler les c\u0153urs et un vieux monsieur qui avait ferm\u00e9 le sien. Voici l\u2019histoire de leur rencontre.<\/em><br><br>\u00ab&nbsp;Danse C\u00e9lestine&nbsp;\u00bb est l\u2019histoire d\u2019une rencontre entre deux \u00eatres que tout oppose : une petite fille pleine de vie mais qui s\u2019ennuie avec une maman absente, et un papa trop occup\u00e9 avec son grand fr\u00e8re lourdement handicap\u00e9 ; et un vieux monsieur solitaire, taciturne et bourru, enferm\u00e9 chez lui.<br>Ces deux-l\u00e0 vont se consoler, se r\u00e9conforter, et se (re)mettre l\u2019un et l\u2019autre sur la voie du mouvement, du partage, de l\u2019envie\u2026 Et de la vie plus forte que tout !<br><br>\u00ab&nbsp;Danse C\u00e9lestine&nbsp;\u00bb est une ode \u00e0 la tendresse, \u00e0 l\u2019amiti\u00e9, et \u00e0 l\u2019amour des siens.<br>Ce spectacle est une histoire racont\u00e9e \u00e0&nbsp;<strong>trois voix<\/strong>&nbsp;: la voix parl\u00e9e, le violoncelle, et le film d\u2019animation faisant office de d\u00e9cor vivant.<\/p>\n\n\n\n<p class=\"has-text-align-center\" style=\"font-size:15px\"><br><img loading=\"lazy\" decoding=\"async\" width=\"300\" height=\"89\" class=\"wp-image-181\" style=\"width: 300px;\" src=\"http:\/\/wcfuhbq.cluster121.hosting.ovh.net\/wp-content\/uploads\/2025\/11\/logo-9727-1.webp\" alt=\"\" srcset=\"https:\/\/www.cielesondesmots.com\/wp-content\/uploads\/2025\/11\/logo-9727-1.webp 800w, https:\/\/www.cielesondesmots.com\/wp-content\/uploads\/2025\/11\/logo-9727-1-300x89.webp 300w, https:\/\/www.cielesondesmots.com\/wp-content\/uploads\/2025\/11\/logo-9727-1-768x228.webp 768w\" sizes=\"auto, (max-width: 300px) 100vw, 300px\" \/><\/p>\n\n\n\n<p class=\"has-text-align-center\" style=\"font-size:19px\"><strong>CATALOGUE PROVENCE EN SCENE 2025-2026 ET 2026-2027<\/strong><br><\/p>\n\n\n\n<p style=\"font-size:15px\"><strong>SPECTACLE TH\u00c9\u00c2TRAL ET MUSICAL<\/strong><br>D\u00e8s 6 ans<br><br><strong>DUR\u00c9E<\/strong><br>60 minutes<br><br><strong>DISTRIBUTION<\/strong><br>Mise en sc\u00e8ne : Claire PHILIPPE<br>Texte : Sabine TAMISIER, texte publi\u00e9 aux&nbsp;\u00c9ditions Th\u00e9\u00e2trales, \u00e9diteur et agent de l\u2019auteur<br>Avec : Claire PHILIPPE,&nbsp;Matthieu PHILIPPON, V\u00e9ronika SOBOLJEVSKI<br>Cr\u00e9ation du film d\u2019animation :&nbsp;Ad\u00e9lie PRIN&nbsp;et&nbsp;Maxence VINCENDEAU.<br>R\u00e9alisation de la bande-son : Fr\u00e9d\u00e9ric ALBERTINI<br>Cr\u00e9ation des personnages du th\u00e9\u00e2tre d\u2019ombre : Pascale ROUX<br>Regard ext\u00e9rieur : Agn\u00e8s PETREAU<br>Cr\u00e9ation lumi\u00e8res : Vincent GUIBAL<br><\/p>\n\n\n\n<p style=\"font-size:15px\"><strong>PRODUCTION<\/strong><br>Cie Le Son des Mots<br><\/p>\n\n\n\n<p style=\"font-size:15px\"><strong>SOUTIENS &amp; PARTENAIRES<\/strong><br>Le spectacle \u00ab&nbsp;Danse C\u00e9lestine&nbsp;\u00bb a \u00e9t\u00e9 accueilli en r\u00e9sidence au th\u00e9\u00e2tre de \u00ab&nbsp;La Capelane&nbsp;\u00bb (Les Pennes Mirabeau), \u00e0 l\u2019Eden Th\u00e9\u00e2tre (S\u00e9nas), \u00e0 l\u2019Astronef (Marseille) ainsi qu\u2019\u00e0 Saint-Cannat et Vern\u00e8gues.<br><br><a href=\"https:\/\/youtu.be\/MinyA5LiGBs?si=UqbhHPdC4Vlm3Wqv\">Teaser <\/a>\u00ab&nbsp;Danse C\u00e9lestine&nbsp;\u00bb de Sabine Tamisier \/ Mise en sc\u00e8ne : Claire Philippe<\/p>\n\n\n\n<figure class=\"wp-block-embed is-type-video is-provider-youtube wp-block-embed-youtube wp-embed-aspect-16-9 wp-has-aspect-ratio\"><div class=\"wp-block-embed__wrapper\">\n<div class='embed-container'><iframe loading=\"lazy\" title=\"Teaser &quot;Danse Ce\u0301lestine&quot; de Sabine Tamisier \/\/ CIE LE SON DES MOTS\" width=\"1920\" height=\"1080\" src=\"https:\/\/www.youtube.com\/embed\/MinyA5LiGBs?feature=oembed\" frameborder=\"0\" allow=\"accelerometer; autoplay; clipboard-write; encrypted-media; gyroscope; picture-in-picture; web-share\" referrerpolicy=\"strict-origin-when-cross-origin\" allowfullscreen><\/iframe><\/div>\n<\/div><\/figure>\n","protected":false},"excerpt":{"rendered":"<p>\u00ab&nbsp;Danse C\u00e9lestine&nbsp;\u00bb est une cr\u00e9ation musicale, th\u00e9\u00e2trale et anim\u00e9e pour petits et grandsIl \u00e9tait une fois une petite fille qui voulait consoler les c\u0153urs et un vieux monsieur qui avait ferm\u00e9 le sien. Voici l\u2019histoire de leur rencontre. \u00ab&nbsp;Danse C\u00e9lestine&nbsp;\u00bb est l\u2019histoire d\u2019une rencontre entre deux \u00eatres que tout oppose : une petite fille pleine&hellip; <br \/> <a class=\"read-more\" href=\"https:\/\/www.cielesondesmots.com\/index.php\/danse-celestine-de-sabine-tamisier\/\">Lire la suite<\/a><\/p>\n","protected":false},"author":2,"featured_media":239,"parent":0,"menu_order":0,"comment_status":"closed","ping_status":"closed","template":"","meta":{"footnotes":""},"class_list":["post-17","page","type-page","status-publish","has-post-thumbnail","hentry"],"_links":{"self":[{"href":"https:\/\/www.cielesondesmots.com\/index.php\/wp-json\/wp\/v2\/pages\/17","targetHints":{"allow":["GET"]}}],"collection":[{"href":"https:\/\/www.cielesondesmots.com\/index.php\/wp-json\/wp\/v2\/pages"}],"about":[{"href":"https:\/\/www.cielesondesmots.com\/index.php\/wp-json\/wp\/v2\/types\/page"}],"author":[{"embeddable":true,"href":"https:\/\/www.cielesondesmots.com\/index.php\/wp-json\/wp\/v2\/users\/2"}],"replies":[{"embeddable":true,"href":"https:\/\/www.cielesondesmots.com\/index.php\/wp-json\/wp\/v2\/comments?post=17"}],"version-history":[{"count":5,"href":"https:\/\/www.cielesondesmots.com\/index.php\/wp-json\/wp\/v2\/pages\/17\/revisions"}],"predecessor-version":[{"id":246,"href":"https:\/\/www.cielesondesmots.com\/index.php\/wp-json\/wp\/v2\/pages\/17\/revisions\/246"}],"wp:featuredmedia":[{"embeddable":true,"href":"https:\/\/www.cielesondesmots.com\/index.php\/wp-json\/wp\/v2\/media\/239"}],"wp:attachment":[{"href":"https:\/\/www.cielesondesmots.com\/index.php\/wp-json\/wp\/v2\/media?parent=17"}],"curies":[{"name":"wp","href":"https:\/\/api.w.org\/{rel}","templated":true}]}}

« Danse Célestine » de Sabine Tamisier

<div class="wp-block-image">
<figure class="aligncenter size-large is-resized"><img loading="lazy" decoding="async" width="724" height="1024" src="https://wcfuhbq.cluster121.hosting.ovh.net/wp-content/uploads/2025/11/AFFICHE-Danse-Celestine-724x1024.jpg" alt="" class="wp-image-183" style="width:310px;height:auto" srcset="https://www.cielesondesmots.com/wp-content/uploads/2025/11/AFFICHE-Danse-Celestine-724x1024.jpg 724w, https://www.cielesondesmots.com/wp-content/uploads/2025/11/AFFICHE-Danse-Celestine-212x300.jpg 212w, https://www.cielesondesmots.com/wp-content/uploads/2025/11/AFFICHE-Danse-Celestine-768x1086.jpg 768w, https://www.cielesondesmots.com/wp-content/uploads/2025/11/AFFICHE-Danse-Celestine-1086x1536.jpg 1086w, https://www.cielesondesmots.com/wp-content/uploads/2025/11/AFFICHE-Danse-Celestine-1448x2048.jpg 1448w, https://www.cielesondesmots.com/wp-content/uploads/2025/11/AFFICHE-Danse-Celestine-1024x1448.jpg 1024w, https://www.cielesondesmots.com/wp-content/uploads/2025/11/AFFICHE-Danse-Celestine-764x1080.jpg 764w, https://www.cielesondesmots.com/wp-content/uploads/2025/11/AFFICHE-Danse-Celestine-scaled.jpg 1810w" sizes="auto, (max-width: 724px) 100vw, 724px" /></figure>
</div>


<p style="font-size:15px"><br><strong>«&nbsp;Danse Célestine&nbsp;» est une création musicale, théâtrale et animée pour petits et grands</strong><br><em>Il était une fois une petite fille qui voulait consoler les cœurs et un vieux monsieur qui avait fermé le sien. Voici l’histoire de leur rencontre.</em><br><br>«&nbsp;Danse Célestine&nbsp;» est l’histoire d’une rencontre entre deux êtres que tout oppose : une petite fille pleine de vie mais qui s’ennuie avec une maman absente, et un papa trop occupé avec son grand frère lourdement handicapé ; et un vieux monsieur solitaire, taciturne et bourru, enfermé chez lui.<br>Ces deux-là vont se consoler, se réconforter, et se (re)mettre l’un et l’autre sur la voie du mouvement, du partage, de l’envie… Et de la vie plus forte que tout !<br><br>«&nbsp;Danse Célestine&nbsp;» est une ode à la tendresse, à l’amitié, et à l’amour des siens.<br>Ce spectacle est une histoire racontée à&nbsp;<strong>trois voix</strong>&nbsp;: la voix parlée, le violoncelle, et le film d’animation faisant office de décor vivant.</p>



<p class="has-text-align-center" style="font-size:15px"><br><img loading="lazy" decoding="async" width="300" height="89" class="wp-image-181" style="width: 300px;" src="http://wcfuhbq.cluster121.hosting.ovh.net/wp-content/uploads/2025/11/logo-9727-1.webp" alt="" srcset="https://www.cielesondesmots.com/wp-content/uploads/2025/11/logo-9727-1.webp 800w, https://www.cielesondesmots.com/wp-content/uploads/2025/11/logo-9727-1-300x89.webp 300w, https://www.cielesondesmots.com/wp-content/uploads/2025/11/logo-9727-1-768x228.webp 768w" sizes="auto, (max-width: 300px) 100vw, 300px" /></p>



<p class="has-text-align-center" style="font-size:19px"><strong>CATALOGUE PROVENCE EN SCENE 2025-2026 ET 2026-2027</strong><br></p>



<p style="font-size:15px"><strong>SPECTACLE THÉÂTRAL ET MUSICAL</strong><br>Dès 6 ans<br><br><strong>DURÉE</strong><br>60 minutes<br><br><strong>DISTRIBUTION</strong><br>Mise en scène : Claire PHILIPPE<br>Texte : Sabine TAMISIER, texte publié aux&nbsp;Éditions Théâtrales, éditeur et agent de l’auteur<br>Avec : Claire PHILIPPE,&nbsp;Matthieu PHILIPPON, Véronika SOBOLJEVSKI<br>Création du film d’animation :&nbsp;Adélie PRIN&nbsp;et&nbsp;Maxence VINCENDEAU.<br>Réalisation de la bande-son : Frédéric ALBERTINI<br>Création des personnages du théâtre d’ombre : Pascale ROUX<br>Regard extérieur : Agnès PETREAU<br>Création lumières : Vincent GUIBAL<br></p>



<p style="font-size:15px"><strong>PRODUCTION</strong><br>Cie Le Son des Mots<br></p>



<p style="font-size:15px"><strong>SOUTIENS &amp; PARTENAIRES</strong><br>Le spectacle «&nbsp;Danse Célestine&nbsp;» a été accueilli en résidence au théâtre de «&nbsp;La Capelane&nbsp;» (Les Pennes Mirabeau), à l’Eden Théâtre (Sénas), à l’Astronef (Marseille) ainsi qu’à Saint-Cannat et Vernègues.<br><br><a href="https://youtu.be/MinyA5LiGBs?si=UqbhHPdC4Vlm3Wqv">Teaser </a>«&nbsp;Danse Célestine&nbsp;» de Sabine Tamisier / Mise en scène : Claire Philippe</p>



<figure class="wp-block-embed is-type-video is-provider-youtube wp-block-embed-youtube wp-embed-aspect-16-9 wp-has-aspect-ratio"><div class="wp-block-embed__wrapper">
<div class='embed-container'><iframe loading="lazy" title="Teaser &quot;Danse Célestine&quot; de Sabine Tamisier // CIE LE SON DES MOTS" width="1920" height="1080" src="https://www.youtube.com/embed/MinyA5LiGBs?feature=oembed" frameborder="0" allow="accelerometer; autoplay; clipboard-write; encrypted-media; gyroscope; picture-in-picture; web-share" referrerpolicy="strict-origin-when-cross-origin" allowfullscreen></iframe></div>
</div></figure>

<p>«&nbsp;Danse Célestine&nbsp;» est une création musicale, théâtrale et animée pour petits et grandsIl était une fois une petite fille qui voulait consoler les cœurs et un vieux monsieur qui avait fermé le sien. Voici l’histoire de leur rencontre. «&nbsp;Danse Célestine&nbsp;» est l’histoire d’une rencontre entre deux êtres que tout oppose : une petite fille pleine&hellip; <br /> <a class="read-more" href="https://www.cielesondesmots.com/index.php/danse-celestine-de-sabine-tamisier/">Lire la suite</a></p>
