{"id":12,"date":"2025-11-27T21:35:52","date_gmt":"2025-11-27T21:35:52","guid":{"rendered":"https:\/\/wcfuhbq.cluster121.hosting.ovh.net\/?page_id=12"},"modified":"2025-11-27T21:35:52","modified_gmt":"2025-11-27T21:35:52","slug":"presentation-de-la-cie","status":"publish","type":"page","link":"https:\/\/www.cielesondesmots.com\/index.php\/presentation-de-la-cie\/","title":{"rendered":"Pr\u00e9sentation de la Cie"},"content":{"rendered":"\n<p style=\"font-size:15px\">La Cie LE SON DES MOTS a \u00e9t\u00e9 cr\u00e9\u00e9e en 2022 par&nbsp;Claire Philippe, com\u00e9dienne et metteure en sc\u00e8ne dans le but de cr\u00e9er et produire des spectacles \u00e0 destination d\u2019un large public, avec un seul mot d\u2019ordre, celui de raconter des histoires. Les mots, la langue, la litt\u00e9rature seront au c\u0153ur de chaque cr\u00e9ation, ainsi que le son, que ce soit celui des mots ou celui de la musique.<br>Nous voulons cr\u00e9er une exp\u00e9rience de sens et de sensorialit\u00e9, \u00e0 la fois par la beaut\u00e9 des histoires que nous racontons, mais aussi par les fr\u00e9quences sonores que nous proposons.<\/p>\n\n\n\n<h2 class=\"wp-block-heading\"><br><strong>Un \u00ab\u00a0th\u00e9\u00e2tre de sens\u00a0\u00bb<\/strong><\/h2>\n\n\n\n<p style=\"font-size:15px\">Ainsi, nous aurons \u00e0 c\u0153ur de cr\u00e9er un&nbsp;\u00ab&nbsp;th\u00e9\u00e2tre de sens&nbsp;\u00bb&nbsp;mais aussi un \u00ab&nbsp;th\u00e9\u00e2tre sonore&nbsp;\u00bb o\u00f9 la musique aura une part tr\u00e8s importante. En effet, d\u00e9j\u00e0 chez le tr\u00e8s jeune enfant, dans le ventre de sa m\u00e8re, on sait \u00e0 quel point la voix, les mots, la musique sont ressentis comme une exp\u00e9rience sensorielle tr\u00e8s forte. Plus tard, et \u00e0 tout \u00e2ge de la vie, les histoires que nous racontons nous relient et nous rassemblent, apaisent les maux, les mots devenant source de vie et de partage.<br>C\u2019est pourquoi La Cie LE SON DES MOTS aura \u00e0 c\u0153ur \u00e9galement de proposer, \u00e0 chaque fois que cela sera possible,&nbsp;des temps d\u2019\u00e9change, de parole, de d\u00e9bat avec les spectateurs, ou d\u2019ateliers (th\u00e9\u00e2tre, cirque, musique, \u00e9criture), comme des temps de m\u00e9diation, pour connecter chaque spectateur \u00e0 son \u00ab&nbsp;moi-cr\u00e9ateur&nbsp;\u00bb et le relier au spectacle qu\u2019il ira voir ou aura vu.<br>Nous souhaitons avant tout, partager, nous relier, et cr\u00e9er les conditions d\u2019un vivre-ensemble o\u00f9 l\u2019expression de soi sera ma\u00eetresse. Nous nous adresserons \u00e0 tous les publics, d\u00e8s tout b\u00e9b\u00e9 jusqu\u2019aux personnes \u00e2g\u00e9es, et dans tout type de situation, quelque soit la pratique artistique utilis\u00e9e.<br>L\u2019art, la cr\u00e9ation artistique, sera notre pr\u00e9texte pour c\u00e9l\u00e9brer le vivre-ensemble, et le vivant.<br><br><\/p>\n","protected":false},"excerpt":{"rendered":"<p>La Cie LE SON DES MOTS a \u00e9t\u00e9 cr\u00e9\u00e9e en 2022 par&nbsp;Claire Philippe, com\u00e9dienne et metteure en sc\u00e8ne dans le but de cr\u00e9er et produire des spectacles \u00e0 destination d\u2019un large public, avec un seul mot d\u2019ordre, celui de raconter des histoires. Les mots, la langue, la litt\u00e9rature seront au c\u0153ur de chaque cr\u00e9ation, ainsi&hellip; <br \/> <a class=\"read-more\" href=\"https:\/\/www.cielesondesmots.com\/index.php\/presentation-de-la-cie\/\">Lire la suite<\/a><\/p>\n","protected":false},"author":2,"featured_media":0,"parent":0,"menu_order":0,"comment_status":"closed","ping_status":"closed","template":"","meta":{"footnotes":""},"class_list":["post-12","page","type-page","status-publish","hentry"],"_links":{"self":[{"href":"https:\/\/www.cielesondesmots.com\/index.php\/wp-json\/wp\/v2\/pages\/12","targetHints":{"allow":["GET"]}}],"collection":[{"href":"https:\/\/www.cielesondesmots.com\/index.php\/wp-json\/wp\/v2\/pages"}],"about":[{"href":"https:\/\/www.cielesondesmots.com\/index.php\/wp-json\/wp\/v2\/types\/page"}],"author":[{"embeddable":true,"href":"https:\/\/www.cielesondesmots.com\/index.php\/wp-json\/wp\/v2\/users\/2"}],"replies":[{"embeddable":true,"href":"https:\/\/www.cielesondesmots.com\/index.php\/wp-json\/wp\/v2\/comments?post=12"}],"version-history":[{"count":1,"href":"https:\/\/www.cielesondesmots.com\/index.php\/wp-json\/wp\/v2\/pages\/12\/revisions"}],"predecessor-version":[{"id":13,"href":"https:\/\/www.cielesondesmots.com\/index.php\/wp-json\/wp\/v2\/pages\/12\/revisions\/13"}],"wp:attachment":[{"href":"https:\/\/www.cielesondesmots.com\/index.php\/wp-json\/wp\/v2\/media?parent=12"}],"curies":[{"name":"wp","href":"https:\/\/api.w.org\/{rel}","templated":true}]}}

Présentation de la Cie

<p style="font-size:15px">La Cie LE SON DES MOTS a été créée en 2022 par&nbsp;Claire Philippe, comédienne et metteure en scène dans le but de créer et produire des spectacles à destination d’un large public, avec un seul mot d’ordre, celui de raconter des histoires. Les mots, la langue, la littérature seront au cœur de chaque création, ainsi que le son, que ce soit celui des mots ou celui de la musique.<br>Nous voulons créer une expérience de sens et de sensorialité, à la fois par la beauté des histoires que nous racontons, mais aussi par les fréquences sonores que nous proposons.</p>



<h2 class="wp-block-heading"><br><strong>Un « théâtre de sens »</strong></h2>



<p style="font-size:15px">Ainsi, nous aurons à cœur de créer un&nbsp;«&nbsp;théâtre de sens&nbsp;»&nbsp;mais aussi un «&nbsp;théâtre sonore&nbsp;» où la musique aura une part très importante. En effet, déjà chez le très jeune enfant, dans le ventre de sa mère, on sait à quel point la voix, les mots, la musique sont ressentis comme une expérience sensorielle très forte. Plus tard, et à tout âge de la vie, les histoires que nous racontons nous relient et nous rassemblent, apaisent les maux, les mots devenant source de vie et de partage.<br>C’est pourquoi La Cie LE SON DES MOTS aura à cœur également de proposer, à chaque fois que cela sera possible,&nbsp;des temps d’échange, de parole, de débat avec les spectateurs, ou d’ateliers (théâtre, cirque, musique, écriture), comme des temps de médiation, pour connecter chaque spectateur à son «&nbsp;moi-créateur&nbsp;» et le relier au spectacle qu’il ira voir ou aura vu.<br>Nous souhaitons avant tout, partager, nous relier, et créer les conditions d’un vivre-ensemble où l’expression de soi sera maîtresse. Nous nous adresserons à tous les publics, dès tout bébé jusqu’aux personnes âgées, et dans tout type de situation, quelque soit la pratique artistique utilisée.<br>L’art, la création artistique, sera notre prétexte pour célébrer le vivre-ensemble, et le vivant.<br><br></p>

<p>La Cie LE SON DES MOTS a été créée en 2022 par&nbsp;Claire Philippe, comédienne et metteure en scène dans le but de créer et produire des spectacles à destination d’un large public, avec un seul mot d’ordre, celui de raconter des histoires. Les mots, la langue, la littérature seront au cœur de chaque création, ainsi&hellip; <br /> <a class="read-more" href="https://www.cielesondesmots.com/index.php/presentation-de-la-cie/">Lire la suite</a></p>
